common divisor of d and 10?
10
Let s(a) = 2*a + 5. Let l be s(4). Suppose 27 = -3*x - 3. Let g be (156/x)/(9/(-60)). What is the highest common factor of g and l?
13
Suppose m = -13*b - 18 + 73, b + 164 = 2*m. Let y = -73 + 127. Calculate the highest common factor of y and m.
27
Let b = -104 - -259. Calculate the highest common divisor of 31 and b.
31
Suppose -3*x = -6*s - 84, 7 = x + 3*s - 31. What is the greatest common divisor of 352 and x?
32
Suppose -2*x - 3*k + 962 = 0, 2*k = -x - 3*k + 495. What is the greatest common factor of 25 and x?
25
Suppose -5*y + 62 = -123. Let f(r) = -2*r**2 + 34*r - 23. Let p be f(15). What is the greatest common divisor of p and y?
37
Let h = -2380 - -3433. Calculate the greatest common factor of 13 and h.
13
Let o be 38/4 + (-2)/(-4). Let x be (6/63 - 11600/525)*-5. Calculate the highest common divisor of x and o.
10
Let r = -1034 + 1044. Calculate the greatest common factor of r and 590.
10
Suppose 6*d - 175 = -3*g + 2*d, 55 = g + 2*d. Suppose -t + g = -63. Let w = -19 - -35. What is the greatest common divisor of t and w?
16
Let v be -1 + 8/2 + 4. Suppose -14 = 6*n - v*n. Let u be (-12)/36 - 212/(-6). Calculate the highest common factor of u and n.
7
Let p be (62/5)/(2/10). Suppose -2*c + 32 = r, 3*c + r - p = 3*r. Calculate the highest common factor of 9 and c.
9
Let p(h) = h**3 - 4*h**2 - 3*h + 8. Let u be p(4). Let i(a) = -a**3 - 3*a**2 + 3*a - 3. Let o be i(u). What is the highest common factor of o and 4?
1
Suppose 2*g = 5*i - 182, 0*g - 76 = -2*i + 4*g. Calculate the greatest common factor of 396 and i.
36
Let x = -213 - -145. Let t = 20 - x. Calculate the greatest common divisor of t and 4.
4
Let p(o) = -o**2 + 24*o + 12. Let k be p(20). Suppose -5*a - 2*j + k = 0, 2*a + 20 = 4*a + 5*j. Let v = 175 - 95. What is the highest common factor of a and v?
20
Suppose -2*j = -0*u + 3*u - 157, -3*j + 234 = 5*u. Suppose 4*m + 3*d - 85 = 0, 4*m - j = 5*d - 10*d. Calculate the greatest common divisor of 242 and m.
22
Let t(z) = -19*z + 310. Let x be t(16). What is the highest common factor of 243 and x?
3
Suppose -16 = 3*f + 5*v, 5*v + 23 + 11 = 3*f. Suppose -5*k = b - 25, 3*k = -3*b - 0 + f. What is the greatest common factor of 102 and k?
6
Let s(l) = 3*l**2 + 9*l + 12. Suppose -13 - 12 = 5*m. Let k be s(m). Let f be (-1585)/(-6) + (-7)/k. What is the greatest common factor of f and 24?
24
Suppose -4*a = 4*d - 120 - 96, -10 = -5*d. Suppose 2*m + 40 = -a. Let z = m + 66. Calculate the highest common divisor of 50 and z.
10
Suppose -4*r = -0*l - 5*l + 240, 2*r - 270 = -5*l. What is the highest common factor of 130 and l?
26
Suppose -100 = 52*a - 56*a. Calculate the highest common factor of a and 800.
25
Let z be ((-25)/(-2))/(5/10). Let u(p) = 4*p + 53. Let a be u(-12). What is the greatest common divisor of a and z?
5
Let h = 35 - 32. Suppose 31 = 4*i + 3*o, -2*i = -h*o - 2*o - 35. What is the highest common factor of 40 and i?
10
Suppose 0*j + 4*j = 84. Suppose -6*t = -4*t - b - 81, -b - 39 = -t. What is the greatest common divisor of t and j?
21
Let h be (-315)/(-7 + 0) - 3. Calculate the highest common factor of 24 and h.
6
Let r(o) = -o**3 + 8*o**2 - 4*o + 120. Let s be r(9). What is the greatest common divisor of 87 and s?
3
Let a be ((-495)/66)/(2/(-36)). Calculate the greatest common factor of 45 and a.
45
Let j = -299 - -429. Suppose -j - 46 = -4*x. Suppose -x + 16 = -2*d. What is the greatest common factor of 70 and d?
14
Let m = 94 - -25. Calculate the greatest common factor of m and 35.
7
Suppose 9*z = 13*z - 768. Suppose -l - z = -5*l. What is the highest common factor of 12 and l?
12
Let m = 1077 - 573. Suppose -2*r + 5*r = 0. Suppose r*p = -3*p + m. Calculate the highest common factor of 24 and p.
24
Let c(o) = 14*o - 18. Let l be c(3). Calculate the highest common divisor of l and 40.
8
Suppose -2*j - z + 295 = 0, 0*z - 584 = -4*j + 4*z. Let i = j - 66. Calculate the greatest common divisor of i and 9.
9
Let l(f) = 4*f - 5. Let q be l(4). Let z = 15 + -18. Let b be 44 - (z - -4 - 1). What is the highest common divisor of b and q?
11
Let v(o) = o**2 - 21*o + 110. Let r be v(12). Let i = 16 - 11. Suppose 39 = 2*c + i*t, 0*t - 4*t = r*c - 34. What is the highest common divisor of c and 77?
7
Let u be -7 - (-1135 + -6)/7. Calculate the highest common factor of u and 676.
52
Let c(q) = 4*q**2 - 44*q + 30. Let o be c(14). What is the greatest common divisor of o and 45?
9
Let v(d) = -2*d - 17. Let l be v(-9). Suppose -l = -2*r + 11. What is the highest common divisor of r and 8?
2
Let w(m) = 117*m**2 - 7*m + 2. Let f be w(1). Let y be (2 - 0)*(5 + 2). What is the greatest common factor of y and f?
14
Let r = -324 - -345. Let d(n) = -n**3 + n**2 + 4*n + 5. Let b be d(-6). Let i be 1/1*b + -2. What is the highest common divisor of r and i?
21
Suppose -13 = -h - 3*u + 4, 4*h - 4*u = 68. Suppose -h*q - 1144 = -21*q. What is the greatest common divisor of q and 26?
26
Suppose -4*j - 2*v + 618 = 0, 60*j - 5*v - 597 = 56*j. What is the highest common factor of 3 and j?
3
Suppose 0 = -q - 3*q + 48. Let i = 38 + -37. Let o be 111 + (-3)/i + 0. What is the greatest common divisor of q and o?
12
Suppose 3*s + s = 3*y + 1745, -4*s = y - 1765. What is the greatest common divisor of 40 and s?
40
Suppose -5*a + 5*n = 25, 2*a + 2*a + 4*n = -44. Let w be -2 - 116/a*2. Let o = w - 21. What is the greatest common divisor of o and 2?
2
Let g(t) = t**3 - 4*t**2 + 2*t + 2. Let n be g(2). Let k be n - (5*-4)/2. Suppose 5*v - 40 = -0*v. What is the greatest common divisor of k and v?
8
Let r(p) = -2*p - 25. Suppose -17 = 7*j + 88. Let f be r(j). Calculate the greatest common divisor of 40 and f.
5
Let r = -51 + 71. Let b(c) = -78*c + 4. Let a be b(-2). Calculate the greatest common factor of r and a.
20
Suppose 2*m + 66 - 84 = 0. Suppose 0 = 2*f - m - 1. Let x = -96 - -136. What is the greatest common factor of x and f?
5
Let x = -8 - -40. Suppose -5*p = -p + 5*o - 163, -p = -2*o - 31. Suppose -55 = -5*v + 5*r, 3*v + r - p = -2*v. What is the highest common divisor of v and x?
8
Let s = -22 - -25. Suppose 3*k + 94 = 5*a, s*a + 0*a = -3*k + 66. Suppose 4*g + 9 - 29 = 0, 2*l - 3*g = 25. What is the greatest common divisor of a and l?
20
Let g = 24 + -20. Suppose 1 + 19 = g*j. Calculate the highest common divisor of 5 and j.
5
Let w(h) = -28*h**3 - 53*h - 53. Let o be w(-1). Calculate the greatest common divisor of o and 154.
14
Suppose -3*t = 4*t - 728. Let i = t + -62. Calculate the highest common divisor of i and 28.
14
Suppose 792 = 3*v + v. Let i be ((-15)/(-4))/((-65)/(-312)). What is the greatest common divisor of v and i?
18
Let q = 26 + -17. Suppose 11*h - q*h - 144 = 0. What is the highest common divisor of 54 and h?
18
Suppose -20*g + 1043 = -20797. Calculate the greatest common factor of g and 84.
84
Let p = 290 - 242. What is the highest common divisor of 264 and p?
24
Let i(g) = -g**3 - 12*g**2 - 7*g + 42. Let q be i(-11). Let c(b) = 22*b**2 + 4*b + 5. Let u be c(q). Calculate the greatest common factor of 34 and u.
17
Let x = 84 - -137. Suppose 355 + x = 6*c. What is the highest common divisor of c and 24?
24
Suppose 11*k + 10*k = 1008. What is the greatest common factor of k and 36?
12
Let x = -1 + 2. Suppose -l = 3*d - x + 3, -4*d - l - 2 = 0. Suppose f + 3*f - 48 = d. Calculate the highest common factor of 60 and f.
12
Suppose 4 = -t - 3*i - 4, -4*i - 20 = -t. Suppose -2*h + t + 6 = 0. Let k be 81*h*(-8)/(-12). What is the highest common divisor of 30 and k?
30
Suppose 0*j - 3*j = -48. Let o(l) = -l**3 + 8*l**2 + 12*l - 16. Let u be o(8). What is the greatest common factor of j and u?
16
Let h(z) = -31*z + 3. Suppose -5*c - 4 = 6. Let w be h(c). Suppose 5*p + 0*i - 162 = -2*i, -w = -2*p - i. What is the highest common factor of 288 and p?
32
Suppose -u - v = -3*u + 23, -5*v = 2*u - 29. Let m(d) = d**3 + 6*d**2 + 5*d + 3. Let l be m(-5). Calculate the highest common factor of u and l.
3
Let d = 775 - 607. Calculate the greatest common divisor of 18 and d.
6
Let b(a) = 14*a + 108. Let v be b(-4). Calculate the greatest common factor of v and 4.
4
Suppose -h + 104 = -2*h. Let p = h + 149. Calculate the greatest common factor of 9 and p.
9
Let a be (-15)/2*(8 - (-928)/(-40)). Calculate the greatest common fa